{"id":15,"date":"2025-07-08T18:06:20","date_gmt":"2025-07-08T18:06:20","guid":{"rendered":"https:\/\/metateksti.com\/tatuointitutkimus\/?page_id=15"},"modified":"2025-07-23T17:24:45","modified_gmt":"2025-07-23T17:24:45","slug":"tietosuojailmoitus-tutkimus","status":"publish","type":"page","link":"https:\/\/metateksti.com\/tatuointitutkimus\/index.php\/tietosuojailmoitus-tutkimus\/","title":{"rendered":"Tutkimuksen tietosuojailmoitus"},"content":{"rendered":"<h2><strong>Julkinen tietosuojailmoitus opinn\u00e4ytety\u00f6tutkimukseen osallistuvalle<\/strong><\/h2>\n<p>Olet osallistumassa Oulun yliopiston Juha Ollonbergin tekem\u00e4\u00e4n pro gradu opinn\u00e4ytety\u00f6 tutkimukseen. T\u00e4ss\u00e4 selosteessa kuvataan, miten henkil\u00f6tietojasi k\u00e4sitell\u00e4\u00e4n tutkimuksessa.<\/p>\n<p>Tutkimukseen osallistuminen on vapaaehtoista. Sinuun ei kohdistu mit\u00e4\u00e4n negatiivista seuraamusta, jos et osallistu tutkimukseen tai jos keskeyt\u00e4t osallistumisesi tutkimukseen. T\u00e4m\u00e4n ilmoituksen kohdassa 13 kerrotaan tarkemmin, mit\u00e4 oikeuksia sinulla on ja miten voit vaikuttaa tietojesi k\u00e4sittelyyn.<\/p>\n<h3>1. Tutkimuksen nimi ja kesto<\/h3>\n<p>Tutkimuksen nimi: <strong>Kansallisten symbolien monitulkintaisuus tatuoinneissa.<\/strong><\/p>\n<p>Tutkimuksen arvioitu kesto 1.7.2025 \u2013 1.7.2026 ja henkil\u00f6tietojen k\u00e4sittelyaika 1.7.2025 \u2013 toistaiseksi.<\/p>\n<h3>2. Tutkija (rekisterinpit\u00e4j\u00e4)<\/h3>\n<p>Nimi: Juha Ollonberg<\/p>\n<p>Yhteystieto: <a href=\"mailto:juha.ollonberg[at]student.oulu.fi\">juha.ollonberg[\u00c4T]student.oulu.fi<\/a> ja <a href=\"mailto:tatuointitutkimus@metateksti.com\">tatuointitutkimus[\u00c4T]metateksti.com<\/a><\/p>\n<h4><strong>Yhteisrekisterinpit\u00e4j\u00e4<\/strong><\/h4>\n<p>Postiosoite: Oulun yliopisto, PL 8000, 90014 Oulun yliopisto<br \/>\nK\u00e4yntiosoite: Pentti Kaiteran katu 1, Linnanmaa<\/p>\n<p>Tutkija vastaa aineiston ker\u00e4\u00e4misest\u00e4, analysoinnista ja s\u00e4ilytt\u00e4misest\u00e4. Oulun yliopiston opettajan vastuulla on opinn\u00e4ytteen ohjaus:<\/p>\n<p>Opettajan nimi: Hannu I. Heikkinen<\/p>\n<p>Opettajan yhteystieto: <a href=\"mailto:Hannu.I.Heikkinen@oulu.fi\">Hannu.I.Heikkinen[\u00c4T]oulu.fi<\/a><\/p>\n<p>Yll\u00e4 mainitut tahot toimivat t\u00e4ss\u00e4 tutkimuksessa yhteisrekisterinpit\u00e4jin\u00e4. He m\u00e4\u00e4rittelev\u00e4t yhdess\u00e4 henkil\u00f6tietojen k\u00e4sittelyn tarkoitukset ja keinot. Tutkittava voi k\u00e4ytt\u00e4\u00e4 tietosuoja-asetuksen mukaisia oikeuksiaan molempiin rekisterinpit\u00e4jiin ja tehd\u00e4 kaikki t\u00e4h\u00e4n tutkimukseen liittyv\u00e4t pyynn\u00f6t my\u00f6s yll\u00e4 mainitulle opettajalle, joka v\u00e4litt\u00e4\u00e4 pyynn\u00f6n tutkijalle.<\/p>\n<h3>3. Tutkimuksen kuvaus<\/h3>\n<p>Tutkimus on kulttuuriantropologinen tutkimus kansallisten symbolien monitulkintaisuudesta. Monitulkintaisuus ja tulkintojen muutokset n\u00e4kyv\u00e4t tatuointeihin liittyviss\u00e4 reaktioissa ja kommenteissa. Pyrin ymm\u00e4rt\u00e4m\u00e4\u00e4n tutkimusty\u00f6ss\u00e4ni, kuinka tatuoidut ja tatuoijat itse tulkitsevat tatuointejansa ja niiden merkitysten muuttumista. Tutkimusty\u00f6h\u00f6n osallistujilta kysyt\u00e4\u00e4n henkil\u00f6kohtainen suostumus osallistumiseen ja se haluavatko he esiinty\u00e4 nimell\u00e4\u00e4n vai k\u00e4ytet\u00e4\u00e4nk\u00f6 tunnistetietojen sijasta peitenimi\u00e4. Harjoitusty\u00f6ss\u00e4 k\u00e4sitell\u00e4\u00e4n tutkittavien kanssa sovittuja ja heid\u00e4n antamia tunniste ja yhteystietoja. Aineistosta etsit\u00e4\u00e4n tatuoitujen ja tatuoijien n\u00e4kemyksi\u00e4 erilaisten kansallisten symbolien tulkinnoista ja esimerkkej\u00e4 niihin liittyvist\u00e4 kommenteista.<\/p>\n<h4><strong>Aineistonhallintasuunnitelma: Aineistonkeruun eteneminen, k\u00e4sittely ja aikataulu<\/strong><\/h4>\n<p>Tutkimusaineisto ker\u00e4t\u00e4\u00e4n tutkimukseen suostuneiden tatuoitujen ja tatuoijien kirjoituskutsun, haastattelujen ja tatuointitilanteiden osallistuvan havainnoinnin avulla. Nauhoitettujen haastattelujen kesto on noin 30-45 minuuttia. Osallistuva havainnointi, kesto ja dokumentointi, kuten valo- tai videokuvaus, sovitaan erikseen haastateltavien kanssa. Aineisto s\u00e4ilytet\u00e4\u00e4n ja k\u00e4sitell\u00e4\u00e4n yliopiston tietoj\u00e4rjestelmiss\u00e4 salasanoilla suojattuna.<\/p>\n<h4><strong>Tutkimuksen rahoittaja(t)<\/strong><\/h4>\n<p>Tutkimus on omarahoitteinen.<\/p>\n<h4><strong>Oulun yliopiston tietosuojavastaavan yhteystiedot s\u00e4hk\u00f6postiosoite<\/strong><\/h4>\n<p>dpo@oulu.fi<\/p>\n<h3>4. Henkil\u00f6tietojen k\u00e4sittely ja oikeusperuste<\/h3>\n<p>Henkil\u00f6tietoja k\u00e4sitell\u00e4\u00e4n seuraavalla yleisen tietosuoja-asetuksen 6 artiklan 1 kohdan perusteella:<\/p>\n<p>\u2612 tutkittavan suostumus<\/p>\n<p>\u2610 yleist\u00e4 etua koskeva tieteellinen tai historiallinen tutkimus, tilastointi tai julkisen vallan k\u00e4ytt\u00f6<\/p>\n<p>\u2610 rekisterinpit\u00e4j\u00e4n tai kolmannen osapuolen oikeutettu etu<\/p>\n<h3>5. Arkaluonteiset henkil\u00f6tiedot<\/h3>\n<p>\u2610 <strong>Tutkimuksessa ei k\u00e4sitell\u00e4 arkaluonteisia henkil\u00f6tietoja.<\/strong><\/p>\n<h4><strong>Tutkimuksessa voidaan k\u00e4sitell\u00e4 seuraavia arkaluonteisia henkil\u00f6tietoja:<\/strong><\/h4>\n<p>\u2612 Rotu tai etninen alkuper\u00e4<\/p>\n<p>\u2612 Poliittiset mielipiteet<\/p>\n<p>\u2612 Uskonnollinen tai filosofinen vakaumus<\/p>\n<p>\u2612 Ammattiliiton j\u00e4senyys<\/p>\n<p>\u2610 Geneettiset tiedot<\/p>\n<p>\u2610 Biometriset tiedot henkil\u00f6n yksiselitteiseksi tunnistamiseksi<\/p>\n<p>\u2612 Terveys<\/p>\n<p>\u2612 Seksuaalinen k\u00e4ytt\u00e4ytyminen tai suuntautuminen<\/p>\n<p>\u2612 Rikostuomiot tai rikkomukset.<\/p>\n<p>Arkaluonteisten tietojen k\u00e4sittely perustuu seuraavaan tietosuoja-asetuksen 9 artiklan erityisehtoon:<\/p>\n<p>\u2612 Tutkittavan nimenomainen suostumus<\/p>\n<p>\u2612 Tieteellinen tai historiallinen tutkimustarkoitus tai tilastollinen tarkoitus<\/p>\n<p>\u2612 Tutkittava on saattanut k\u00e4sitelt\u00e4v\u00e4t arkaluonteiset tiedot julkisiksi<\/p>\n<h3>6. Mit\u00e4 henkil\u00f6n tunnistetietoja tutkimusaineisto sis\u00e4lt\u00e4\u00e4<\/h3>\n<h4><strong>Haastateltavat<\/strong>:<\/h4>\n<p>Nimi, sukupuoli, ik\u00e4, kieli, asuinpaikka, ammatti, julkiset mielipiteet, yhteystiedot (esimerkiksi tarkentavia kysymyksi\u00e4 varten).<\/p>\n<h4><strong>Aineistomuodot:<\/strong><\/h4>\n<p>Nauhoitetut ja litteroidut ja muistiinpanoihin dokumentoidut haastattelut, valokuvat, videokuva, kyselyt, kirjoituskutsut, s\u00e4hk\u00f6postihaastattelut ja s\u00e4hk\u00f6postiviestit.<\/p>\n<h3>7. Mist\u00e4 l\u00e4hteist\u00e4 ja mill\u00e4 tavalla henkil\u00f6n tunnistetietoja ker\u00e4t\u00e4\u00e4n<\/h3>\n<p>\u2612 Tutkittavan itsens\u00e4 haastatteluissa ja yhteydenotoissa kertomat henkil\u00f6- ja tunnistetiedot, ja luvanvaraisesti valokuvattuun tai videoituun aineistoon sis\u00e4ltyv\u00e4t tunnistetiedot.<\/p>\n<p>\u2612 Julkisissa l\u00e4hteiss\u00e4 olevat henkil\u00f6- ja tunnistetiedot.<\/p>\n<h3>8. Henkil\u00f6tietoja ei siirret\u00e4 tai luovuteta tutkimusryhm\u00e4n ulkopuolelle<\/h3>\n<h3>9. Henkil\u00f6tietoja ei siirret\u00e4 EU:n tai Euroopan talousalueen ulkopuolelle<\/h3>\n<h3>10. Automatisoitua p\u00e4\u00e4t\u00f6ksentekoa ei tehd\u00e4<\/h3>\n<h3>11. Henkil\u00f6tietojen suojauksen periaatteet<\/h3>\n<p>\u2612 Tiedot ovat salassa pidett\u00e4vi\u00e4.<\/p>\n<p>Manuaalisen aineiston suojaaminen: s\u00e4ilytet\u00e4\u00e4n tutkijan lukituissa tiloissa, esimerkiksi lukittu laatikosto.<\/p>\n<p>Tietoj\u00e4rjestelmiss\u00e4 k\u00e4sitelt\u00e4v\u00e4t tiedot: tiedot s\u00e4ilytet\u00e4\u00e4n salasanojen takana, esimerkiksi yliopiston opiskelijatunnus<\/p>\n<p>\u2612 muu, mik\u00e4: tutkijan omat tutkimusv\u00e4lineet ja tiedostot ovat salasanojen takana.<\/p>\n<p>Suorien tunnistetietojen k\u00e4sittely:<\/p>\n<p>\u2612Aineisto analysoidaan suorin tunnistetiedoin, jos tutkittava haluaa esiinty\u00e4 nimell\u00e4\u00e4n<\/p>\n<p>\u2612 Tukittavan tunnistetiedot vaihdetaan peitenimiin tai koodeihin ja ne s\u00e4ilytet\u00e4\u00e4n aineistosta erill\u00e4\u00e4n.<\/p>\n<h3>12. Henkil\u00f6tietojen k\u00e4sittely tutkimuksen p\u00e4\u00e4ttymisen j\u00e4lkeen<\/h3>\n<p>\u2612 Tutkimusaineisto arkistoidaan aineistoon liittyvin henkil\u00f6n tunnistetiedoin<\/p>\n<h4><strong>Aineiston arkistointi<\/strong><\/h4>\n<p>Tutkimuksessa syntyv\u00e4 aineisto (haastattelunauhoitukset ja niiden kirjalliset kopiot, kentt\u00e4muistiinpanot, valokuvat ja videot) tallennetaan digitaalisessa muodossa Oulun yliopiston Kulttuuriantropologian oppiaineen opetus- ja tutkimusarkistoon<strong>*. <\/strong>Aineistoa ei arkistoida pilvipalveluihin, vaan erillisille arkistokovalevyille tai fyysiseen arkistoon humanistisessa tiedekunnassa.<\/p>\n<p>Tutkimuksessa syntyv\u00e4 aineisto tallennetaan tutkijan henkil\u00f6kohtaiseen arkistoon h\u00e4nen omaa jatkotutkimustaan varten.<\/p>\n<p><strong>*<\/strong> Kulttuuriantropologian oppiaineen opetus- ja tutkimusarkisto sijaitsee Oulun yliopiston Humanistisessa tiedekunnassa ja on osa Oulun yliopiston arkistoa. Arkistointisopimuksen salliessa talletettua materiaalia voidaan luovuttaa sielt\u00e4 tutkimus- ja opetusk\u00e4ytt\u00f6\u00f6n. Aineiston k\u00e4ytt\u00e4j\u00e4n on m\u00e4\u00e4ritelt\u00e4v\u00e4 k\u00e4ytt\u00f6tarkoitus kirjallisesti ennen kuin h\u00e4n saa aineistoja k\u00e4ytt\u00f6\u00f6ns\u00e4, ja k\u00e4ytt\u00f6luvan voi my\u00f6nt\u00e4\u00e4 ainoastaan oppiaineen p\u00e4\u00e4edustaja eli kulttuuriantropologian professori. Aineiston k\u00e4ytt\u00e4j\u00e4t velvoitetaan k\u00e4ytt\u00f6ehtositoumuksella noudattamaan arkiston k\u00e4ytt\u00f6s\u00e4\u00e4nt\u00f6j\u00e4, tietosuoja- ja tekij\u00e4noikeuslains\u00e4\u00e4d\u00e4nt\u00f6\u00e4 sek\u00e4 erikseen annettavia ohjeita aineiston k\u00e4yt\u00f6st\u00e4. Arkistoidussa materiaalissa tunnistetiedot s\u00e4ilyv\u00e4t sovitulla tavalla, mutta opinn\u00e4ytet\u00f6iss\u00e4, raporteissa ja julkaisuissa tutkimukseen osallistuneita k\u00e4sitell\u00e4\u00e4n aina ilman henkil\u00f6n tunnistetietoja, ellei osallistuja ole halunnut esiinty\u00e4 omalla nimell\u00e4\u00e4n.<\/p>\n<h3>13. Mit\u00e4 oikeuksia sinulla on ja oikeuksista poikkeaminen?<\/h3>\n<p>Tietosuojalains\u00e4\u00e4d\u00e4nn\u00f6n mukaisesti tutkittavalla on tiettyj\u00e4 oikeuksia, joilla tutkittava voi varmistaa perusoikeuksiin kuuluvan yksityisyyden suojan toteutumisen. <strong>Mik\u00e4li haluat k\u00e4ytt\u00e4\u00e4 t\u00e4ss\u00e4 kohdassa 13 mainittua oikeuttaan, otathan yhteytt\u00e4 kohdassa 2 mainittuun tutkimuksen yhteyshenkil\u00f6\u00f6n<\/strong><\/p>\n<p><u>Suostumuksen peruuttaminen (tietosuoja-asetuksen 7 artikla)<\/u><\/p>\n<p>Sinulla on oikeus peruuttaa antamasi suostumus, mik\u00e4li henkil\u00f6tietojen k\u00e4sittely perustuu suostumukseen. Suostumuksen peruuttaminen ei vaikuta ennen suostumuksen peruuttamista tehdyn tutkimuksen lainmukaisuuteen.<\/p>\n<p><u>Oikeus pyyt\u00e4\u00e4 p\u00e4\u00e4sy\u00e4 tietoihin (tietosuoja-asetuksen 15 artikla)<\/u><\/p>\n<p>Sinulla on oikeus pyyt\u00e4\u00e4 tietoa siit\u00e4, k\u00e4sitell\u00e4\u00e4nk\u00f6 henkil\u00f6tietojasi tutkimuksessa ja mit\u00e4 henkil\u00f6tietojasi tutkimuksessa k\u00e4sitell\u00e4\u00e4n. Voit my\u00f6s halutessasi pyyt\u00e4\u00e4 j\u00e4ljenn\u00f6st\u00e4 k\u00e4sitelt\u00e4vist\u00e4 henkil\u00f6tiedoista.<\/p>\n<p><u>Oikeus pyyt\u00e4\u00e4 tietojen oikaisemista (tietosuoja-asetuksen 16 artikla)<\/u><\/p>\n<p>Jos k\u00e4sitelt\u00e4viss\u00e4 henkil\u00f6tiedoissasi on ep\u00e4tarkkuuksia tai virheit\u00e4, sinulla on oikeus pyyt\u00e4\u00e4 niiden oikaisua tai t\u00e4ydennyst\u00e4.<\/p>\n<p><u>Oikeus pyyt\u00e4\u00e4 tietojen poistamista tai k\u00e4sittelyn rajoittamista, oikeus vastustaa k\u00e4sittely\u00e4 pyyt\u00e4\u00e4 tietojen siirtoa j\u00e4rjestelm\u00e4st\u00e4 toiseen (tietosuoja-asetuksen 17, 18, 20, 21 artiklat)<\/u><\/p>\n<p>Voit my\u00f6s pyyt\u00e4\u00e4 tutkimuksessa k\u00e4ytettyjen henkil\u00f6tietojesi poistamista tai niiden k\u00e4sittelyn rajoittamista sek\u00e4 voit vastustaa k\u00e4sittely\u00e4 tai pyyt\u00e4\u00e4 tietojesi siirt\u00e4mist\u00e4 j\u00e4rjestelm\u00e4st\u00e4 toiseen.<\/p>\n<p><strong><u>Oikeuksista poikkeaminen<\/u><\/strong><\/p>\n<p>Edell\u00e4 t\u00e4ss\u00e4 kohdassa <strong>13 Mit\u00e4 oikeuksia sinulla on ja oikeuksista poikkeaminen<\/strong> mainitut oikeudet eiv\u00e4t ole ehdottomia eiv\u00e4tk\u00e4 siten p\u00e4de jokaisessa tapauksessa ja n\u00e4ist\u00e4 oikeuksista saatetaan poiketa tietosuojaa koskevan lains\u00e4\u00e4d\u00e4nn\u00f6n mukaisesti esim. silloin kuin oikeudet est\u00e4v\u00e4t tieteellisen tai historiallisen tutkimustarkoituksen tai tilastollisen tarkoituksen saavuttamisen tai vaikeuttavat sit\u00e4 suuresti. Tarvetta poiketa oikeuksista arvioidaan aina tapauskohtaisesti.<\/p>\n<h3>14. Valitusoikeus<\/h3>\n<p>Sinulla on lis\u00e4ksi oikeus tehd\u00e4 valitus tietosuojavaltuutetun toimistoon, mik\u00e4li katsot, ett\u00e4 henkil\u00f6tietojesi k\u00e4sittelyss\u00e4 on rikottu voimassa olevaa tietosuojalains\u00e4\u00e4d\u00e4nt\u00f6\u00e4.<\/p>\n<p>Yhteystiedot:<\/p>\n<p><strong>Tietosuojavaltuutetun toimisto<\/strong><\/p>\n<p>K\u00e4yntiosoite: Ratapihantie 9, 6. krs, 00520 Helsinki<br \/>\nPostiosoite: PL 800, 00521 Helsinki<br \/>\nVaihde: 029 56 66700<br \/>\nFaksi: 029 56 66735<\/p>\n<p>S\u00e4hk\u00f6posti: <a href=\"mailto:tietosuoja@om.fi\">tietosuoja@om.fi<\/a><\/p>\n","protected":false},"excerpt":{"rendered":"<p>Julkinen tietosuojailmoitus opinn\u00e4ytety\u00f6tutkimukseen osallistuvalle Olet osallistumassa Oulun yliopiston Juha Ollonbergin tekem\u00e4\u00e4n pro gradu opinn\u00e4ytety\u00f6 tutkimukseen. T\u00e4ss\u00e4 selosteessa kuvataan, miten henkil\u00f6tietojasi k\u00e4sitell\u00e4\u00e4n tutkimuksessa. Tutkimukseen osallistuminen on vapaaehtoista. Sinuun ei kohdistu mit\u00e4\u00e4n negatiivista seuraamusta, jos et osallistu tutkimukseen tai jos keskeyt\u00e4t osallistumisesi tutkimukseen. T\u00e4m\u00e4n ilmoituksen kohdassa 13 kerrotaan tarkemmin, mit\u00e4 oikeuksia sinulla on ja miten voit vaikuttaa &#8230; <a title=\"Tutkimuksen tietosuojailmoitus\" class=\"read-more\" href=\"https:\/\/metateksti.com\/tatuointitutkimus\/index.php\/tietosuojailmoitus-tutkimus\/\" aria-label=\"Lue lis\u00e4\u00e4 aiheesta Tutkimuksen tietosuojailmoitus\">Lue lis\u00e4\u00e4<\/a><\/p>\n","protected":false},"author":1,"featured_media":0,"parent":0,"menu_order":0,"comment_status":"closed","ping_status":"closed","template":"","meta":{"footnotes":""},"class_list":["post-15","page","type-page","status-publish"],"_links":{"self":[{"href":"https:\/\/metateksti.com\/tatuointitutkimus\/index.php\/wp-json\/wp\/v2\/pages\/15","targetHints":{"allow":["GET"]}}],"collection":[{"href":"https:\/\/metateksti.com\/tatuointitutkimus\/index.php\/wp-json\/wp\/v2\/pages"}],"about":[{"href":"https:\/\/metateksti.com\/tatuointitutkimus\/index.php\/wp-json\/wp\/v2\/types\/page"}],"author":[{"embeddable":true,"href":"https:\/\/metateksti.com\/tatuointitutkimus\/index.php\/wp-json\/wp\/v2\/users\/1"}],"replies":[{"embeddable":true,"href":"https:\/\/metateksti.com\/tatuointitutkimus\/index.php\/wp-json\/wp\/v2\/comments?post=15"}],"version-history":[{"count":13,"href":"https:\/\/metateksti.com\/tatuointitutkimus\/index.php\/wp-json\/wp\/v2\/pages\/15\/revisions"}],"predecessor-version":[{"id":2127,"href":"https:\/\/metateksti.com\/tatuointitutkimus\/index.php\/wp-json\/wp\/v2\/pages\/15\/revisions\/2127"}],"wp:attachment":[{"href":"https:\/\/metateksti.com\/tatuointitutkimus\/index.php\/wp-json\/wp\/v2\/media?parent=15"}],"curies":[{"name":"wp","href":"https:\/\/api.w.org\/{rel}","templated":true}]}}