{"id":7,"date":"2025-07-08T18:13:52","date_gmt":"2025-07-08T18:13:52","guid":{"rendered":"https:\/\/metateksti.com\/tatuointitutkimus\/?page_id=7"},"modified":"2025-12-31T12:53:23","modified_gmt":"2025-12-31T12:53:23","slug":"kirjoita-tarinasi-talle-sivulle","status":"publish","type":"page","link":"https:\/\/metateksti.com\/tatuointitutkimus\/","title":{"rendered":"Tatuointitarinani"},"content":{"rendered":"<p class=\"western\"><strong>Lyhyetkin tarinat kiinnostavat! Kirjoitusvinkkej\u00e4 alempana. <\/strong><\/p>\n<div class='fluentform ff-inherit-theme-style fluentform_wrapper_5'><form data-form_id=\"5\" id=\"fluentform_5\" class=\"frm-fluent-form fluent_form_5 ff-el-form-top ff_form_instance_5_1 ff-form-loading ffs_inherit_theme\" data-form_instance=\"ff_form_instance_5_1\" method=\"POST\" ><fieldset  style=\"border: none!important;margin: 0!important;padding: 0!important;background-color: transparent!important;box-shadow: none!important;outline: none!important; min-inline-size: 100%;\">\n                    <legend class=\"ff_screen_reader_title\" style=\"display: block; margin: 0!important;padding: 0!important;height: 0!important;text-indent: -999999px;width: 0!important;overflow:hidden;\">Tarinani<\/legend><p style=\"display: none !important;\" class=\"akismet-fields-container\" data-prefix=\"ak_\"><label>&#916;<textarea name=\"ak_hp_textarea\" cols=\"45\" rows=\"8\" maxlength=\"100\"><\/textarea><\/label><input type=\"hidden\" id=\"ak_js_1\" name=\"ak_js\" value=\"106\"\/><script>document.getElementById( \"ak_js_1\" ).setAttribute( \"value\", ( new Date() ).getTime() );<\/script><\/p><input type='hidden' name='__fluent_form_embded_post_id' value='7' \/><input type=\"hidden\" id=\"_fluentform_5_fluentformnonce\" name=\"_fluentform_5_fluentformnonce\" value=\"2045ed21d2\" \/><input type=\"hidden\" name=\"_wp_http_referer\" value=\"\/tatuointitutkimus\/index.php\/wp-json\/wp\/v2\/pages\/7\" \/><div class='ff-el-group'><div class=\"ff-el-input--label ff-el-is-required asterisk-right\"><label for='ff_5_tarina' id='label_ff_5_tarina' aria-label=\"Tarinani\">Tarinani<\/label><\/div><div class='ff-el-input--content'><textarea aria-required=\"true\" aria-labelledby=\"label_ff_5_tarina\" name=\"tarina\" id=\"ff_5_tarina\" class=\"ff-el-form-control\" placeholder=\"... kirjoita tarinasi t\u00e4h\u00e4n (max 50 000 merkki\u00e4).\" rows=\"10\" maxlength=\"50000\" data-name=\"tarina\" ><\/textarea><\/div><\/div><div data-name=\"ff_cn_id_1\"  class='ff-t-container ff-column-container ff_columns_total_2 '><div class='ff-t-cell ff-t-column-1' style='flex-basis: 50%;'><div class='ff-el-group'><div class=\"ff-el-input--label asterisk-right\"><label for='ff_5_tarinoijan_sahkopostiosoite' id='label_ff_5_tarinoijan_sahkopostiosoite' aria-label=\"S\u00e4hk\u00f6postiosoitteeni (ei pakollinen - voit kertoa tarinasi yhteydess\u00e4)\">S\u00e4hk\u00f6postiosoitteeni (ei pakollinen - voit kertoa tarinasi yhteydess\u00e4)<\/label><\/div><div class='ff-el-input--content'><input type=\"email\" name=\"tarinoijan_sahkopostiosoite\" id=\"ff_5_tarinoijan_sahkopostiosoite\" class=\"ff-el-form-control\" placeholder=\"s\u00e4hk\u00f6postiosoite \" data-name=\"tarinoijan_sahkopostiosoite\"  aria-invalid=\"false\" aria-required=false><\/div><\/div><div class='ff-el-group'><div class=\"ff-el-input--label ff-el-is-required asterisk-right\"><label for='ff_5_dropdown' id='label_ff_5_dropdown' aria-label=\"Syntym\u00e4vuosi\">Syntym\u00e4vuosi<\/label><\/div><div class='ff-el-input--content'><select name=\"dropdown\" id=\"ff_5_dropdown\" class=\"ff-el-form-control\" data-name=\"dropdown\" data-calc_value=\"0\"  aria-invalid=\"false\" aria-required=\"true\" aria-labelledby=\"label_ff_5_dropdown\"><option value=\"\">- valitse -<\/option><option value=\"2025\"  >2025<\/option><option value=\"2024\"  >2024<\/option><option value=\"2023\"  >2023<\/option><option value=\"2022\"  >2022<\/option><option value=\"2021\"  >2021<\/option><option value=\"2020\"  >2020<\/option><option value=\"2019\"  >2019<\/option><option value=\"2018\"  >2018<\/option><option value=\"2017\"  >2017<\/option><option value=\"2016\"  >2016<\/option><option value=\"2015\"  >2015<\/option><option value=\"2014\"  >2014<\/option><option value=\"2013\"  >2013<\/option><option value=\"2012\"  >2012<\/option><option value=\"2011\"  >2011<\/option><option value=\"2010\"  >2010<\/option><option value=\"2009\"  >2009<\/option><option value=\"2008\"  >2008<\/option><option value=\"2007\"  >2007<\/option><option value=\"2006\"  >2006<\/option><option value=\"2005\"  >2005<\/option><option value=\"2004\"  >2004<\/option><option value=\"2003\"  >2003<\/option><option value=\"2002\"  >2002<\/option><option value=\"2001\"  >2001<\/option><option value=\"2000\"  >2000<\/option><option value=\"1999\"  >1999<\/option><option value=\"1998\"  >1998<\/option><option value=\"1997\"  >1997<\/option><option value=\"1996\"  >1996<\/option><option value=\"1995\"  >1995<\/option><option value=\"1994\"  >1994<\/option><option value=\"1993\"  >1993<\/option><option value=\"1992\"  >1992<\/option><option value=\"1991\"  >1991<\/option><option value=\"1990\"  >1990<\/option><option value=\"1989\"  >1989<\/option><option value=\"1988\"  >1988<\/option><option value=\"1987\"  >1987<\/option><option value=\"1986\"  >1986<\/option><option value=\"1985\"  >1985<\/option><option value=\"1984\"  >1984<\/option><option value=\"1983\"  >1983<\/option><option value=\"1982\"  >1982<\/option><option value=\"1981\"  >1981<\/option><option value=\"1980\"  >1980<\/option><option value=\"1979\"  >1979<\/option><option value=\"1978\"  >1978<\/option><option value=\"1977\"  >1977<\/option><option value=\"1976\"  >1976<\/option><option value=\"1975\"  >1975<\/option><option value=\"1974\"  >1974<\/option><option value=\"1973\"  >1973<\/option><option value=\"1972\"  >1972<\/option><option value=\"1971\"  >1971<\/option><option value=\"1970\"  >1970<\/option><option value=\"1969\"  >1969<\/option><option value=\"1968\"  >1968<\/option><option value=\"1967\"  >1967<\/option><option value=\"1966\"  >1966<\/option><option value=\"1965\"  >1965<\/option><option value=\"1964\"  >1964<\/option><option value=\"1963\"  >1963<\/option><option value=\"1962\"  >1962<\/option><option value=\"1961\"  >1961<\/option><option value=\"1960\"  >1960<\/option><option value=\"1959\"  >1959<\/option><option value=\"1958\"  >1958<\/option><option value=\"1957\"  >1957<\/option><option value=\"1956\"  >1956<\/option><option value=\"1955\"  >1955<\/option><option value=\"1954\"  >1954<\/option><option value=\"1953\"  >1953<\/option><option value=\"1952\"  >1952<\/option><option value=\"1951\"  >1951<\/option><option value=\"1950\"  >1950<\/option><option value=\"1949\"  >1949<\/option><option value=\"1948\"  >1948<\/option><option value=\"1947\"  >1947<\/option><option value=\"1946\"  >1946<\/option><option value=\"1945\"  >1945<\/option><option value=\"1944\"  >1944<\/option><option value=\"1943\"  >1943<\/option><option value=\"1942\"  >1942<\/option><option value=\"1941\"  >1941<\/option><option value=\"1940\"  >1940<\/option><option value=\"1939\"  >1939<\/option><option value=\"1938\"  >1938<\/option><option value=\"1937\"  >1937<\/option><option value=\"1936\"  >1936<\/option><option value=\"1935\"  >1935<\/option><option value=\"1934\"  >1934<\/option><option value=\"1936\"  >1936<\/option><option value=\"1935\"  >1935<\/option><option value=\"1934\"  >1934<\/option><option value=\"1933\"  >1933<\/option><option value=\"1932\"  >1932<\/option><option value=\"1931\"  >1931<\/option><option value=\"1930\"  >1930<\/option><option value=\"1929\"  >1929<\/option><option value=\"1928\"  >1928<\/option><option value=\"1927\"  >1927<\/option><option value=\"1926\"  >1926<\/option><option value=\"1925\"  >1925<\/option><\/select><\/div><\/div><div class='ff-el-group'><div class=\"ff-el-input--label ff-el-is-required asterisk-right\"><label   aria-label=\"Nime\u00e4ni saa k\u00e4ytt\u00e4\u00e4 harjoitust\u00f6iss\u00e4, tutkielmissa ja tieteellisiss\u00e4 julkaisuissa.\">Nime\u00e4ni saa k\u00e4ytt\u00e4\u00e4 harjoitust\u00f6iss\u00e4, tutkielmissa ja tieteellisiss\u00e4 julkaisuissa.<\/label><\/div><div class='ff-el-input--content'><div class='ff-el-form-check ff-el-form-check-'><label class='ff-el-form-check-label' for='input_radio_7d4134b87569a169c37b6d9a25d51616'><input  type=\"radio\" name=\"input_radio\" data-name=\"input_radio\" class=\"ff-el-form-check-input ff-el-form-check-radio\" value=\"saa k\u00e4ytt\u00e4\u00e4\"  id='input_radio_7d4134b87569a169c37b6d9a25d51616' aria-label='saa k\u00e4ytt\u00e4\u00e4' aria-invalid='false' aria-required=true> <span>saa k\u00e4ytt\u00e4\u00e4<\/span><\/label><\/div><div class='ff-el-form-check ff-el-form-check-'><label class='ff-el-form-check-label' for='input_radio_a60b873d42ab3a3ee000d8df07942a64'><input  type=\"radio\" name=\"input_radio\" data-name=\"input_radio\" class=\"ff-el-form-check-input ff-el-form-check-radio\" value=\"ei saa k\u00e4ytt\u00e4\u00e4\"  id='input_radio_a60b873d42ab3a3ee000d8df07942a64' aria-label='ei saa k\u00e4ytt\u00e4\u00e4' aria-invalid='false' aria-required=true> <span>ei saa k\u00e4ytt\u00e4\u00e4<\/span><\/label><\/div><\/div><\/div><\/div><div class='ff-t-cell ff-t-column-2' style='flex-basis: 50%;'><div data-type=\"name-element\" data-name=\"eunimi_tarinoija\" class=\" ff-field_container ff-name-field-wrapper\" ><div class='ff-t-container'><div class='ff-t-cell '><div class='ff-el-group'><div class=\"ff-el-input--label asterisk-right\"><label for='ff_5_eunimi_tarinoija_first_name_' id='label_ff_5_eunimi_tarinoija_first_name_' >Etunimi (ei pakollinen - voit kertoa tarinasi yhteydess\u00e4)<\/label><\/div><div class='ff-el-input--content'><input type=\"text\" name=\"eunimi_tarinoija[first_name]\" id=\"ff_5_eunimi_tarinoija_first_name_\" class=\"ff-el-form-control\" placeholder=\"etunimi\" aria-invalid=\"false\" aria-required=false><\/div><\/div><\/div><\/div><\/div><div data-type=\"name-element\" data-name=\"sukunimi_tarinoija\" class=\" ff-field_container ff-name-field-wrapper\" ><div class='ff-t-container'><div class='ff-t-cell '><div class='ff-el-group ff-el-form-top'><div class=\"ff-el-input--label asterisk-right\"><label for='ff_5_sukunimi_tarinoija_last_name_' id='label_ff_5_sukunimi_tarinoija_last_name_' >Sukunimi (ei pakollinen - voit kertoa tarinasi yhteydess\u00e4)<\/label><\/div><div class='ff-el-input--content'><input type=\"text\" name=\"sukunimi_tarinoija[last_name]\" id=\"ff_5_sukunimi_tarinoija_last_name_\" class=\"ff-el-form-control\" placeholder=\"sukunimi\" aria-invalid=\"false\" aria-required=false><\/div><\/div><\/div><\/div><\/div><\/div><\/div><div class='ff-el-group  ff-dropzone'><div class=\"ff-el-input--label asterisk-right\"><label for='ff_5_file-upload_1' id='label_ff_5_file-upload_1' aria-label=\"Voit lis\u00e4t\u00e4 tarinaasi liittyvi\u00e4 tiedostoja t\u00e4t\u00e4 kautta: kuvia, videoita, tekstitiedoston jne.\">Voit lis\u00e4t\u00e4 tarinaasi liittyvi\u00e4 tiedostoja t\u00e4t\u00e4 kautta: kuvia, videoita, tekstitiedoston jne.<\/label><\/div><div class='ff-el-input--content'><label for='ff_5_file-upload_1' class='ff_file_upload_holder'><span class='ff_upload_btn ff-btn' tabindex='0'>Pudota siirrett\u00e4v\u00e4t tiedostot t\u00e4h\u00e4n tai valitse tiedostot. Suurin yksitt\u00e4inen tiedostokoko 30 Mt.<\/span> <input type=\"file\" name=\"file-upload\" id=\"ff_5_file-upload_1\" class=\"ff-el-form-control  ff-screen-reader-element\" data-name=\"file-upload\" multiple=\"1\"  aria-invalid='false' aria-required=false><\/label><\/div><\/div><input type=\"hidden\" name=\"user_role\" value=\"tarinoija\" data-name=\"user_role\" ><div class='ff-el-group ff-text-left ff_submit_btn_wrapper'><button type=\"submit\" class=\"ff-btn ff-btn-submit ff-btn-md ff_btn_no_style\"  aria-label=\"L\u00e4het\u00e4\">L\u00e4het\u00e4<\/button><\/div><\/fieldset><\/form><div id='fluentform_5_errors' class='ff-errors-in-stack ff_form_instance_5_1 ff-form-loading_errors ff_form_instance_5_1_errors'><\/div><\/div>            <script type=\"text\/javascript\">\n                window.fluent_form_ff_form_instance_5_1 = {\"id\":\"5\",\"ajaxUrl\":\"https:\\\/\\\/metateksti.com\\\/tatuointitutkimus\\\/wp-admin\\\/admin-ajax.php\",\"settings\":{\"layout\":{\"labelPlacement\":\"top\",\"asteriskPlacement\":\"asterisk-right\",\"helpMessagePlacement\":\"with_label\",\"errorMessagePlacement\":\"inline\",\"cssClassName\":\"\"},\"restrictions\":{\"denyEmptySubmission\":{\"enabled\":false}}},\"form_instance\":\"ff_form_instance_5_1\",\"form_id_selector\":\"fluentform_5\",\"rules\":{\"tarina\":{\"required\":{\"value\":true,\"message\":\"This field is required\",\"global_message\":\"This field is required\",\"global\":true}},\"tarinoijan_sahkopostiosoite\":{\"required\":{\"value\":false,\"message\":\"This field is required\",\"global_message\":\"This field is required\",\"global\":true},\"email\":{\"value\":false,\"message\":\"This field must contain a valid email\",\"global_message\":\"This field must contain a valid email\",\"global\":true}},\"dropdown\":{\"required\":{\"value\":true,\"message\":\"This field is required\",\"global_message\":\"This field is required\",\"global\":true}},\"input_radio\":{\"required\":{\"value\":true,\"message\":\"This field is required\",\"global_message\":\"This field is required\",\"global\":true}},\"eunimi_tarinoija[first_name]\":{\"required\":{\"value\":false,\"message\":\"This field is required\",\"global_message\":\"This field is required\",\"global\":true}},\"eunimi_tarinoija[middle_name]\":{\"required\":{\"value\":false,\"message\":\"This field is required\",\"global_message\":\"This field is required\",\"global\":true}},\"eunimi_tarinoija[last_name]\":{\"required\":{\"value\":false,\"message\":\"This field is required\",\"global_message\":\"This field is required\",\"global\":true}},\"sukunimi_tarinoija[first_name]\":{\"required\":{\"value\":true,\"message\":\"This field is required\",\"global_message\":\"This field is required\",\"global\":true}},\"sukunimi_tarinoija[middle_name]\":{\"required\":{\"value\":false,\"message\":\"This field is required\",\"global_message\":\"This field is required\",\"global\":true}},\"sukunimi_tarinoija[last_name]\":{\"required\":{\"value\":false,\"message\":\"This field is required\",\"global_message\":\"This field is required\",\"global\":true}},\"file-upload\":{\"required\":{\"value\":false,\"message\":\"This field is required\",\"global_message\":\"This field is required\",\"global\":true},\"max_file_size\":{\"value\":31457280,\"message\":\"Validation fails for maximum file size\",\"global_message\":\"Validation fails for maximum file size\",\"global\":true},\"max_file_count\":{\"value\":\"30\",\"message\":\"Validation fails for maximum file count\",\"global_message\":\"Validation fails for maximum file count\",\"global\":true},\"allowed_file_types\":{\"value\":[\"jpg|jpeg|gif|png|bmp\",\"pdf\",\"doc|ppt|pps|xls|mdb|docx|xlsx|pptx|odt|odp|ods|odg|odc|odb|odf|rtf|txt\",\"zip|gz|gzip|rar|7z\",\"mp3|wav|ogg|oga|wma|mka|m4a|ra|mid|midi|mpga\",\"avi|divx|flv|mov|ogv|mkv|mp4|m4v|divx|mpg|mpeg|mpe|video\\\/quicktime|qt\"],\"message\":\"Invalid file type\",\"global_message\":\"Invalid file type\",\"global\":true}}},\"debounce_time\":300};\n                            <\/script>\n            \n<hr \/>\n<h2>Vinkkej\u00e4<\/h2>\n<p>Kirjoita kokemuksistasi omalla kielell\u00e4si vapaasti ja omalla tyylill\u00e4si. Kuvaile tapahtumia, tilanteita ja tuntemuksiasi niin kuin puhelisit tuttavalle, yst\u00e4v\u00e4lle tai kirjoittaisit p\u00e4iv\u00e4kirjaa itsellesi. Voit aloittaa vaikkapa kirjaamalla omat yhteystietosi, kauanko olet asunut Ruotsissa tai ulkomailla. Voit tuumiskella ja muistella esimerkiksi n\u00e4it\u00e4 asioita niin p\u00e4\u00e4set helposti vauhtiin.<\/p>\n<ul>\n<li>Mist\u00e4 sinulle syntyi ajatus ottaa Suomeen tai suomalaisuuteen liittyv\u00e4 tatuointi? Miksi juuri tuolloin?<\/li>\n<li>Kuinka valitsit kuva-aiheen? Miksi juuri t\u00e4m\u00e4?<\/li>\n<li>Ovatko ajatuksesi muuttuneet siit\u00e4 kun otit tatuoinnin? Mit\u00e4 ajattelet nyt kun tatuoinnin ottamisesta on kulunut aikaa?<\/li>\n<li>Mit\u00e4 kommentteja kuulet tatuoinnistasi? Kuka kommentoi?\u00a0 Ovatko kuulemasi kommentit muuttuneet vuosien saatossa? Kuinka?<\/li>\n<li>Kommentoidaanko tatuointiasi Suomessa eri tavalla kuin asuinmaassasi?<\/li>\n<li>Milloin n\u00e4yt\u00e4t tai piilotat tatuointisi? Miksi? Oletko poistanut tatuointeja?<\/li>\n<\/ul>\n<p align=\"left\"><strong>My\u00f6s lyhyet tarinat kiinnostavat!<\/strong><\/p>\n<p align=\"left\">Odotan tarinaasi<strong> 30.4.2026 saakka<\/strong>, sen j\u00e4lkeen varsinainen kirjoituskutsu p\u00e4\u00e4ttyy. Voit toki sen j\u00e4lkeenkin l\u00e4hett\u00e4\u00e4 tarinasi osoitteeseen tatuointitutkimus[\u00c4T]metateksti.com .<\/p>\n<p align=\"left\">Voit kirjoittaa suomeksi, ruotsiksi tai englanniksi. Jos haluat jakaa linkki\u00e4 t\u00e4h\u00e4n kirjoituspyynt\u00f6\u00f6n, anna t\u00e4m\u00e4 linkki https:\/\/metateksti.com\/tatuointitutkimus . Luotan harkintaasi.<\/p>\n<p>Jos tarinasi j\u00e4\u00e4 kesken, tai haluat my\u00f6hemmin t\u00e4ydent\u00e4\u00e4 sit\u00e4, voit jatkaa l\u00e4hett\u00e4m\u00e4ll\u00e4 uuden. Voit l\u00e4hett\u00e4\u00e4 tarinasi my\u00f6s s\u00e4hk\u00f6postiini: tatuointitutkimus[\u00c4T]metateksti.com (varalla my\u00f6s oppilaitoksen s\u00e4hk\u00f6postiosoitteeni: juha.ollonberg[\u00c4T]student.oulu.fi).<\/p>\n<p>Jos haluat l\u00e4hett\u00e4\u00e4 materiaalia kirjepostilla, pyyd\u00e4 postitusosoitteeni s\u00e4hk\u00f6postilla.<\/p>\n<p>Osallistumalla t\u00e4h\u00e4n tutkimukseen annat henkil\u00f6kohtaisen suostumuksen. L\u00f6yd\u00e4t lis\u00e4tietoja t\u00e4\u00e4lt\u00e4 <a href=\"https:\/\/metateksti.com\/tatuointitutkimus\/index.php\/tutkimukseen-osallistuvan-suostumuslomake\/\" rel=\"noopener\">tutkimukseen osallistuvan suostumuslomake.<\/a> <a href=\"https:\/\/www.oulu.fi\/fi\/hae\/kandidaattiohjelmat\/kulttuuriantropologia-ja-arkeologia\" target=\"_blank\" rel=\"noopener\">Tietoa opinahjostani<\/a><\/p>\n","protected":false},"excerpt":{"rendered":"<p>Lyhyetkin tarinat kiinnostavat! Kirjoitusvinkkej\u00e4 alempana. Vinkkej\u00e4 Kirjoita kokemuksistasi omalla kielell\u00e4si vapaasti ja omalla tyylill\u00e4si. Kuvaile tapahtumia, tilanteita ja tuntemuksiasi niin kuin puhelisit tuttavalle, yst\u00e4v\u00e4lle tai kirjoittaisit p\u00e4iv\u00e4kirjaa itsellesi. Voit aloittaa vaikkapa kirjaamalla omat yhteystietosi, kauanko olet asunut Ruotsissa tai ulkomailla. Voit tuumiskella ja muistella esimerkiksi n\u00e4it\u00e4 asioita niin p\u00e4\u00e4set helposti vauhtiin. Mist\u00e4 sinulle syntyi ajatus &#8230; <a title=\"Tatuointitarinani\" class=\"read-more\" href=\"https:\/\/metateksti.com\/tatuointitutkimus\/\" aria-label=\"Lue lis\u00e4\u00e4 aiheesta Tatuointitarinani\">Lue lis\u00e4\u00e4<\/a><\/p>\n","protected":false},"author":1,"featured_media":0,"parent":0,"menu_order":0,"comment_status":"closed","ping_status":"closed","template":"","meta":{"footnotes":""},"class_list":["post-7","page","type-page","status-publish"],"_links":{"self":[{"href":"https:\/\/metateksti.com\/tatuointitutkimus\/index.php\/wp-json\/wp\/v2\/pages\/7","targetHints":{"allow":["GET"]}}],"collection":[{"href":"https:\/\/metateksti.com\/tatuointitutkimus\/index.php\/wp-json\/wp\/v2\/pages"}],"about":[{"href":"https:\/\/metateksti.com\/tatuointitutkimus\/index.php\/wp-json\/wp\/v2\/types\/page"}],"author":[{"embeddable":true,"href":"https:\/\/metateksti.com\/tatuointitutkimus\/index.php\/wp-json\/wp\/v2\/users\/1"}],"replies":[{"embeddable":true,"href":"https:\/\/metateksti.com\/tatuointitutkimus\/index.php\/wp-json\/wp\/v2\/comments?post=7"}],"version-history":[{"count":56,"href":"https:\/\/metateksti.com\/tatuointitutkimus\/index.php\/wp-json\/wp\/v2\/pages\/7\/revisions"}],"predecessor-version":[{"id":2160,"href":"https:\/\/metateksti.com\/tatuointitutkimus\/index.php\/wp-json\/wp\/v2\/pages\/7\/revisions\/2160"}],"wp:attachment":[{"href":"https:\/\/metateksti.com\/tatuointitutkimus\/index.php\/wp-json\/wp\/v2\/media?parent=7"}],"curies":[{"name":"wp","href":"https:\/\/api.w.org\/{rel}","templated":true}]}}